553?
3
What is the units digit of 4138224?
4
What is the units digit of 493173?
3
What is the tens digit of 176995?
9
What is the tens digit of 11197797?
9
What is the ten thousands digit of 975801?
7
What is the thousands digit of 268293?
8
What is the hundreds digit of 5470718?
7
What is the ten thousands digit of 1272841?
7
What is the units digit of 2916267?
7
What is the thousands digit of 7786460?
6
What is the hundred thousands digit of 1565066?
5
What is the hundreds digit of 876000?
0
What is the tens digit of 152325?
2
What is the ten thousands digit of 613706?
1
What is the thousands digit of 1075011?
5
What is the hundred thousands digit of 117212?
1
What is the thousands digit of 1556306?
6
What is the hundred thousands digit of 144422?
1
What is the hundreds digit of 304145?
1
What is the ten thousands digit of 62048?
6
What is the ten thousands digit of 76974?
7
What is the hundreds digit of 512697?
6
What is the thousands digit of 1164996?
4
What is the thousands digit of 2683715?
3
What is the millions digit of 2466172?
2
What is the thousands digit of 357321?
7
What is the units digit of 2033271?
1
What is the ten thousands digit of 47787?
4
What is the ten thousands digit of 940972?
4
What is the ten thousands digit of 248346?
4
What is the tens digit of 94233?
3
What is the ten millions digit of 30593875?
3
What is the thousands digit of 1185797?
5
What is the tens digit of 438952?
5
What is the thousands digit of 32719?
2
What is the thousands digit of 10900467?
0
What is the units digit of 454643?
3
What is the hundred thousands digit of 150968?
1
What is the millions digit of 2140079?
2
What is the units digit of 846745?
5
What is the units digit of 1052696?
6
What is the tens digit of 1506552?
5
What is the units digit of 1557445?
5
What is the thousands digit of 2214575?
4
What is the tens digit of 7788?
8
What is the tens digit of 1044323?
2
What is the units digit of 2448518?
8
What is the thousands digit of 522074?
2
What is the ten thousands digit of 403262?
0
What is the millions digit of 1177345?
1
What is the hundreds digit of 1550934?
9
What is the ten thousands digit of 3267252?
6
What is the units digit of 2736528?
8
What is the hundreds digit of 1547989?
9
What is the hundred thousands digit of 6684400?
6
What is the units digit of 976923?
3
What is the tens digit of 1735778?
7
What is the ten thousands digit of 479304?
7
What is the units digit of 9877625?
5
What is the units digit of 6922877?
7
What is the thousands digit of 12263437?
3
What is the hundreds digit of 519129?
1
What is the ten thousands digit of 40246?
4
What is the units digit of 1621425?
5
What is the hundreds digit of 8947266?
2
What is the thousands digit of 789392?
9
What is the hundreds digit of 22997?
9
What is the ten thousands digit of 3084320?
8
What is the millions digit of 1697133?
1
What is the tens digit of 1525698?
9
What is the hundreds digit of 367951?
9
What is the ten millions digit of 19803074?
1
What is the units digit of 1037034?
4
What is the ten thousands digit of 2093748?
9
What is the thousands digit of 3095351?
5
What is the hundreds digit of 61510?
5
What is the units digit of 817476?
6
What is the ten thousands digit of 4486934?
8
What is the millions digit of 11728879?
1
What is the tens digit of 1123853?
5
What is the thousands digit of 197480?
7
What is the tens digit of 742430?
3
What is the hundred thousands digit of 1271097?
2
What is the hundred thousands digit of 2568658?
5
What is the ten thousands digit of 242973?
4
What is the units digit of 1616708?
8
What is the hundreds digit of 107660?
6
What is the ten thousands digit of 1971458?
7
What is the ten thousands digit of 2734042?
3
What is the thousands digit of 472801?
2
What is the ten thousands digit of 30107925?
0
What is the thousands digit of 3423838?
3
What is the hundred thousands digit of 851485?
8
What is the thousands digit of 672871?
2
What is the tens digit of 75254?
5
What is the hundreds digit of 318128?
1
What is the hundred thousands digit of 16702705?
7
What is the millions digit of 3774028?
3
What is the tens digit of 551144?
4
What is the thousands digit of 14013035?
3
What is the ten thousands digit of 8634659?
3
What is the ten thousands digit of 6285777?
8
What is the thousands digit of 586945?
6
What is the tens digit of 197467?
6
What is the hundred thousands digit of 3755298?
7
What is the millions digit of 1817615?
1
What is the units digit of 146194?
4
What is the hundreds digit of 4841510?
5
What is the hundreds digit of 1690909?
9
What is the hundred thousands digit of 544746?
5
What is the units digit of 111443?
3
What is the hundreds digit of 15624266?
2
What is the tens digit of 445550?
5
What is the tens digit of 1014342?
4
What is the hundreds digit of 1908937?
9
What is the thousands digit of 565317?
5
What is the thousands digit of 417728?
7
What is the ten thousands digit of 211643?
1
What is the thousands digit of 163880?
3
What is the units digit of 8072925?
5
What is the ten thousands digit of 3035356?
3
What is the hundreds digit of 694?
6
What is the ten thousands digit of 1873748?
7
What is the thousands digit of 28070355?
0
What is the tens digit of 6374603?
0
What is the hundreds digit of 345260?
2
What is the ten thousands digit of 1873621?
7
What is the tens digit of 2062684?
8
What is the tens digit of 1529?
2
What is the hundreds digit of 680099?
0
What is the hundreds digit of 819391?
3
What is the hundred thousands digit of 1739227?
7
What is the tens digit of 30268487?
8
What is the thousands digit of 4658577?
8
What is the ten thousands digit of 243747?
4
What is the tens digit of 1166525?
2
What is the units digit of 18933?
3
What is the ten thousands digit of 494041?
9
What is the units digit of 923998?
8
What is the thousands digit of 1563020?
3
What is the millions digit of 1242554?
1
What is the thousands digit of 14936636?
6
What is the thousands digit of 4871403?
1
What is the ten thousands digit of 347724?
4
What is the hundreds digit of 60500?
5
What is the millions digit of 3056806?
3
What is the tens digit of 405565?
6
What is the hundred thousands digit of 720315?
7
What is the tens digit of 3338294?
9
What is the hundreds digit of 601116?
1
What is the hundreds digit of 1242855?
8
What is the millions digit of 7856638?
7
What is the tens digit of 5836875?
7
What is the thousands digit of 2638697?
8
What is the hundreds digit of 245400?
4
What is the ten thousands digit of 642081?
4
What is the ten thousands digit of 20439494?
3
What is the tens digit of 1112572?
7
What is the hundred thousands digit of 207359?
2
What is the ten thousands digit of 8609272?
0
What is the thousands digit of 2350624?
0
What is the tens digit of 9574665?
6
What is the hundreds digit of 701961?
9
What is the thousands digit of 540671?
0
What is the hundreds digit of 2900485?
4
What is the tens digit of 249225?
2
What is the tens digit of 15118428?
2
What is the tens digit of 7238855?
5
What is the thousands digit of 796864?
6
What is the tens digit of 80885?
8
What is the tens digit of 7958062?
6
What is the tens digit of 16813080?
8
What is the ten thousands digit of 8006392?
0
What is the units digit of 9655294?
4
What is the ten thousands digit of 10854?
1
What is the ten thousands digit of 466141?
6
What is the hundreds digit of 2058145?
1
What is the hundreds digit of 4255671?
6
What is the thousands digit of 276323?
6
What is the units digit of 377624?
4
What is the thousands digit of 146266?
6
What is the hundreds digit of 69002?
0
What is the ten thousands digit of 1735151?
3
What is the hundreds digit of 166712?
7
What is the units digit of 1506221?
1
What is the units digit of 385675?
5
What is the units digit of 693580?
0
What is the thousands digit of 12105978?
5
What is the thousands digit of 1227286?
7
What is the hundreds digit of 789094?
0
What is the ten thousands digit of 395633?
9
What is the hundreds digit of 710961?
9
What is the units digit of 1484555?
5
What is the tens digit of 536295?
9
What is the tens digit of 303616?
1
What is the hundred thousands digit of 2981892?
9
What is the hundreds digit of 2593613?
6
What is the hundreds digit of 848688?
6
What is the hundreds digit of